 prime number?
False
Is 16822097353 a composite number?
True
Is 2644147267 prime?
True
Is 19616413439 a prime number?
False
Is 1912563467 a prime number?
True
Is 29764469269 a composite number?
False
Is 23597936213 composite?
False
Is 395254907 a prime number?
True
Is 802746881 a prime number?
True
Is 4910505783 a prime number?
False
Is 5022006341 prime?
False
Is 73253581259 prime?
True
Is 30053030503 prime?
True
Is 384413723 prime?
True
Is 76211803 a composite number?
True
Is 7830843677 composite?
False
Is 92218909439 a prime number?
True
Is 4559582231 a composite number?
False
Is 5572211 composite?
False
Is 1165591433 a composite number?
True
Is 709672415 a composite number?
True
Is 1259027347 prime?
True
Is 17924742629 a prime number?
True
Is 43837351 composite?
True
Is 25802678459 composite?
True
Is 2729270959 a prime number?
True
Is 47403052343 composite?
True
Is 426408649 a prime number?
False
Is 1270071193 prime?
False
Is 197329577 composite?
False
Is 2346201901 a composite number?
False
Is 1265818261 prime?
True
Is 42332991373 prime?
False
Is 8793113479 a prime number?
True
Is 4494774611 a prime number?
False
Is 155253264769 a prime number?
False
Is 13699541533 a prime number?
False
Is 96672493 a composite number?
False
Is 37646606431 a composite number?
True
Is 2768977867 a composite number?
True
Is 66135839971 a composite number?
False
Is 48826909 a composite number?
False
Is 6020047981 composite?
True
Is 4595998291 prime?
True
Is 9959486003 composite?
True
Is 250575047 composite?
False
Is 1759429 prime?
False
Is 1657381798 prime?
False
Is 455067563 a composite number?
False
Is 5982759581 composite?
True
Is 175699488431 a composite number?
True
Is 8160325273 a composite number?
True
Is 2508847667 a prime number?
False
Is 19180065701 prime?
True
Is 21391530607 composite?
False
Is 1988467847 composite?
False
Is 158799130745 composite?
True
Is 5231839198 a prime number?
False
Is 3356742503 a prime number?
True
Is 141622469 composite?
False
Is 740200103 composite?
False
Is 380284757 a prime number?
True
Is 14065807991 a prime number?
True
Is 122491619279 a prime number?
True
Is 2611674151 a composite number?
False
Is 1163352667 a composite number?
False
Is 2147512621 composite?
True
Is 884416711 a composite number?
False
Is 11080395026 a prime number?
False
Is 4480211927 a composite number?
True
Is 221964129683 composite?
False
Is 120938947 a prime number?
True
Is 9298496377 composite?
False
Is 1898312693 prime?
True
Is 67710061631 prime?
False
Is 1791152983 a prime number?
True
Is 3818073449 composite?
False
Is 999596309 prime?
False
Is 15089722997 a composite number?
True
Is 76362242503 a prime number?
True
Is 33940571657 prime?
True
Is 1797382471 a composite number?
True
Is 153911448031 composite?
True
Is 2415979729 a composite number?
False
Is 10078070689 a prime number?
True
Is 4096608331 prime?
False
Is 330630269 a prime number?
True
Is 8644560173 a prime number?
True
Is 9632369597 composite?
True
Is 117452863 composite?
True
Is 998076689 a prime number?
False
Is 16627619201 composite?
True
Is 1670653877 prime?
True
Is 921471439 a prime number?
False
Is 5503939697 a prime number?
True
Is 66293096839 composite?
True
Is 2301439 composite?
True
Is 3541303499 a composite number?
True
Is 394463521 a composite number?
False
Is 24902845337 prime?
True
Is 4265821657 a composite number?
False
Is 2158276469 composite?
False
Is 1924949227 a composite number?
True
Is 3088391641 a composite number?
False
Is 3292522399 a prime number?
True
Is 989316599 prime?
False
Is 5365017919 a composite number?
False
Is 134079326897 prime?
True
Is 11923070077 a composite number?
False
Is 6647117027 prime?
True
Is 2111164633 a prime number?
False
Is 173964225113 a composite number?
True
Is 812499811 composite?
True
Is 2720293729 prime?
False
Is 3134078983 a prime number?
False
Is 1076143867 a composite number?
True
Is 57381137699 a prime number?
False
Is 36314988247 prime?
True
Is 4907243333 a prime number?
True
Is 171395695 a prime number?
False
Is 1261739459 a prime number?
False
Is 81796892137 prime?
False
Is 4046005807 composite?
False
Is 17178883 a prime number?
False
Is 12833347987 composite?
False
Is 858709529 composite?
False
Is 20181885499 a prime number?
True
Is 515397643 composite?
True
Is 5390152879 a composite number?
True
Is 11579976587 a composite number?
False
Is 2440693061 a composite number?
True
Is 69922690477 a prime number?
True
Is 43039654633 composite?
True
Is 358008419 prime?
True
Is 74449445669 composite?
True
Is 6812783189 prime?
True
Is 1137437629 a composite number?
True
Is 3686442671 prime?
True
Is 55115515661 composite?
False
Is 2972739461 a prime number?
False
Is 32170717441 prime?
False
Is 1651116931 a prime number?
True
Is 13192598539 prime?
False
Is 5412449491 a prime number?
False
Is 2718578386 a composite number?
True
Is 51855759941 composite?
False
Is 104116170671 prime?
True
Is 19960339045 composite?
True
Is 25525243411 composite?
False
Is 1908122105 prime?
False
Is 570270941 prime?
True
Is 65819696441 composite?
False
Is 386019859 composite?
True
Is 1302130689 composite?
True
Is 67777938967 prime?
False
Is 6125493587 a prime number?
True
Is 121634880701 composite?
False
Is 780720289 prime?
False
Is 4160961065 composite?
True
Is 56908241461 a composite number?
False
Is 128324423 composite?
True
Is 68069730593 a prime number?
True
Is 13140177257 a prime number?
True
Is 2539566721 composite?
False
Is 13421467901 composite?
False
Is 4638438331 composite?
False
Is 99075323 prime?
False
Is 11769344771 a prime number?
False
Is 6088044451 composite?
False
Is 13541341213 a composite number?
False
Is 138291173 a composite number?
True
Is 2636311481 prime?
False
Is 1391413927 a composite number?
True
Is 2197829233 composite?
True
Is 482359847 composite?
True
Is 1717848359 prime?
True
Is 3435853877 prime?
True
Is 11632765591 a composite number?
True
Is 728104957 a prime number?
True
Is 1714386119 prime?
False
Is 288095221 a composite number?
False
Is 14803148693 a prime number?
True
Is 283868561 a prime number?
True
Is 18944533499 a composite number?
True
Is 197136242159 composite?
False
Is 1211640943 prime?
False
Is 2338193593 a prime number?
False
Is 3490051 a composite number?
False
Is 484000961 prime?
False
Is 1110539779 prime?
True
Is 1112203117 prime?
True
Is 44347325305 composite?
True
Is 187795901 prime?
False
Is 3895386151 composite?
True
Is 19509706121 a prime number?
True
Is 11863098811 prime?
False
Is 48477717577 a prime number?
False
Is 7979534831 prime?
False
Is 23699798723 composite?
False
Is 4164191597 composite?
False
Is 28299023827 prime?
True
Is 6267893509 a prime number?
True
Is 4614355247 prime?
True
Is 6084127741 composite?
False
Is 3270489809 prime?
True
Is 1379338923 composite?
True
Is 23211433615 a composite number?
True
Is 132093624073 a prime number?
True
Is 1044273449 prime?
True
Is 1405686911 a composite number?
True
Is 1415359567 a prime number?
True
Is 42755195881 a composite number?
False
Is 638206939 composite?
False
Is 86183717255 a prime number?
False
Is 13858262681 prime?
True
Is 8165446319 a prime number?
True
Is 99101353597 a composite number?
True
Is 206571583861 composite?
False
Is 169542087987 composite?
True
Is 3682975651 a prime number?
True
Is 2730523537 composite?
True
Is 2810717639 a prime number?
True
Is 4583996789 a composite number?
True
Is 706227839 a composite number?
True
Is 44890690539 prime?
False
Is 98302909 composite?
True
Is 4035345637 prime?
True
Is 1055524003 prime?
False
Is 747799331 a prime number?
True
Is 1024278979 a composite number?
True
Is 2663435323 prime?
False
Is 203596349 a prime number?
False
Is 953780293 a composite number?
False
Is 1000149203 composite?
True
Is 207277781 prime?
True
Is 707540293 a composite number?
False
Is 5489940851 a prime number?
True
Is 1441577323 prime?
True
Is 2149098229 prime?
False
Is 108863146589 prime?
False
Is 72556729649 prime?
True
Is 289800097 composite?
False
Is 1781482721 a composite number?
True
Is 25511944621 a composite number?
True
Is 162923693 prime?
False
Is 9236244193 prime?
False
Is 754470221 composite?
True
Is 50706587227 composite?
True
Is 254890607 prime?
True
Is 3773503231 composite?
True
Is 5747522293 a compos